pose -s*q + m = q. List the prime factors of q.
2
Suppose y - 10 = -0*y. Suppose -7*p + 5*p = -y. List the prime factors of p.
5
Suppose -3*g - 2*g + 345 = 4*f, 3*f - 285 = 5*g. What are the prime factors of f?
2, 3, 5
Suppose x - 3*x = -350. List the prime factors of x.
5, 7
Let r(t) = -t - 8. Let j = 9 + -16. Let f be r(j). What are the prime factors of ((-2)/4)/(f/18)?
3
Let i(f) = -f**3 - 4*f**2 - 3*f - 2. Suppose 0 = 2*t - h + 7, 0 = -3*t + 2*h - 3 - 7. What are the prime factors of i(t)?
2, 5
Let y(u) = -u**3 + 11*u**2 - 9*u + 9. What are the prime factors of y(9)?
2, 3, 5
Suppose 0 = z + 6*a - 2*a - 28, 0 = z - a - 28. What are the prime factors of z?
2, 7
Let g be (-1 - 0)*(-6 + 4). Let k(j) = 10*j + 2. List the prime factors of k(g).
2, 11
Let z(g) = -g**3 - 4*g**2 - 2*g - 3. Let j be z(-4). Suppose 2*r - 55 = -j*b, 2*b - 4*r - 44 = -2*b. List the prime factors of b.
11
Let p be 57 + 7/((-7)/(-4)). Let a = -41 + p. What are the prime factors of a?
2, 5
Let p = 44 + -24. List the prime factors of p.
2, 5
Suppose 3*t = 5*y + 4 - 1, -5*y + 45 = 5*t. Let u(n) be the first derivative of 2*n**2 - 7*n + 3. What are the prime factors of u(t)?
17
Let i(j) = 49*j**3 + j - 1. Let p = 7 + -6. List the prime factors of i(p).
7
Suppose -w + 5*h = -5*w - 5, -4*w + 3*h = -3. Suppose -j + 3*c + 1 = w, j + 5*c = -4*j + 85. List the prime factors of j.
13
Suppose -4*f + 25 = 3*i, -4 = -2*f + f. Let a(m) = -m**3 + 4*m**2 + 5*m + 1. Let z be a(5). Suppose -z - i = -h. List the prime factors of h.
2
Let a(l) be the second derivative of -l**4/12 - 4*l**3/3 - 2*l**2 - l. List the prime factors of a(-7).
3
Let v = -31 + 54. Let p = -10 + v. List the prime factors of p.
13
Suppose -f = 4*f + 2*c + 49, 0 = -2*f - 2*c - 16. Let t = f + 21. What are the prime factors of t?
2, 5
Suppose -2*s + s = -9. Suppose -21 = -3*c - 3*r, s + 1 = -5*r. Let n = 15 - c. List the prime factors of n.
2, 3
Let i be 43/9 - (-6)/27. Suppose -y + b - 19 = i*b, 2*y - 3*b = -38. List the prime factors of (-2)/(-7) - y/7.
3
Let o(p) = 2 + 7*p**2 + p**3 - 2*p + 6*p + 2*p. Suppose -22 + 1 = 2*c + 3*t, -t = -c - 3. List the prime factors of o(c).
2
Let k(u) = u - 5. Let g be k(5). Suppose -2*c - c + m - 39 = g, 2*m = 0. Let l = -6 - c. List the prime factors of l.
7
Let v be 77/(6 + -2 - 3). Suppose 48 = 5*k - v. What are the prime factors of k?
5
Suppose -18*v - 78 = -20*v. What are the prime factors of v?
3, 13
Suppose -2*i + 6*i = 2*x + 196, 208 = 4*i - 5*x. List the prime factors of i.
47
Suppose 3*h - 2*m + 12 = 0, -4*h + 2*h - 19 = -5*m. List the prime factors of (-12)/(4/h) + 2.
2
Let h = 6 + 11. What are the prime factors of h?
17
Let m(j) = j**2 + 7*j + 10. Let x be m(-7). Suppose 2*c + x = -3*c, -2*c = -2*d + 40. What are the prime factors of d?
2, 3
Let w = 14 + -32. What are the prime factors of (-2)/4 + (-675)/w?
37
Let y = -27 - -62. List the prime factors of y.
5, 7
Let a be (-24)/(-15) - 2/(-5). Suppose a*n = n + 1. Suppose 0 = -t - 3*g + 17 + n, 5*g = -t + 24. List the prime factors of t.
3
Suppose -5*i = -5*w + 780, -7 = -3*w - i + 445. What are the prime factors of w?
2, 19
Suppose 5*x + 210 = 5*g - 55, -4*x = 16. What are the prime factors of g?
7
Let g = -9 + 18. Let w = g + -3. What are the prime factors of w?
2, 3
Let r = 60 - 31. What are the prime factors of r?
29
Let k = -6 + 9. Suppose -k*d = -2 - 4. Suppose 3*w - 49 = -d*z, 9*z = 4*z + 25. List the prime factors of w.
13
Suppose -3*y + 113 = -241. List the prime factors of y.
2, 59
Let r(g) = -3*g**3 - 2*g**2 - 4*g - 2. List the prime factors of r(-2).
2, 11
Let q(h) = -12*h - 4. What are the prime factors of q(-6)?
2, 17
Suppose 4*l + 0 - 76 = 0. Suppose -3*h - 37 = 2*r, -2*h + 2*r + 17 - 45 = 0. Let c = l + h. What are the prime factors of c?
2, 3
Let h be (-4)/(-10) + 24/15. Let u be (1 + h)*20/(-12). What are the prime factors of ((-50)/u)/((-1)/(-1))?
2, 5
Let u = -9 + 1. Let f = 5 - u. What are the prime factors of f?
13
Suppose k = 258 - 45. List the prime factors of k.
3, 71
Let b(n) be the first derivative of n**4/4 + 8*n**3/3 - n**2 - 4*n + 1. Suppose -4*h = -c + 8, 3*c = -4*h - 24 - 16. List the prime factors of b(c).
2, 3
Let p(v) = -5*v + 10. List the prime factors of p(-8).
2, 5
List the prime factors of 1/(-4) - 843/(-12).
2, 5, 7
Let i = 29 + -3. Suppose -m - 4*j + i = 0, -2*m - 4*j = m - 46. List the prime factors of m.
2, 5
List the prime factors of -18*(0 + 12/(-4)).
2, 3
Let g = 3 - 1. Let x(s) = s**3 - 6*s**2 + 4*s + 3. Let l be x(5). List the prime factors of l*(-9)/g - 0.
3
Let g = 15 - 8. Suppose -3*w - 5*r + r - g = 0, -2*w - 3*r - 6 = 0. Let f = 5 - w. What are the prime factors of f?
2
Suppose 5*y - y - 364 = -3*p, 4*y + 5*p = 364. List the prime factors of y.
7, 13
Let p(f) = 10*f**2 - f - 9. What are the prime factors of p(-4)?
5, 31
Let p = 17 - 17. Let w(x) = -x**3 + 3. List the prime factors of w(p).
3
Let f = 10 - 7. Let a(y) = -2*y + 3. Let o be a(-3). Suppose 4*d - o = f. What are the prime factors of d?
3
Let v = -83 - -120. List the prime factors of v.
37
Let r(b) = b + 37. List the prime factors of r(0).
37
Let n = -501 - -705. What are the prime factors of n?
2, 3, 17
Let d be ((-12)/(-5))/((-4)/(-30)). Suppose 4*j + d + 22 = 0. Let g = j - -16. What are the prime factors of g?
2, 3
Let y(j) = 4*j + 9. Let v be y(10). Suppose 2*m - v = 4*r + 47, 5*m + 4*r - 268 = 0. What are the prime factors of m?
2, 13
Let b(x) = 2*x + 3. Let y(i) = i + 1. Let f(t) = 4*b(t) - 9*y(t). List the prime factors of f(0).
3
Let u(y) = -y**2 - 3. Let c be u(0). Let l(x) = -2*x**2 - 5*x - 4. Let s be l(c). Let r = 16 + s. What are the prime factors of r?
3
Suppose 5*z = 36 - 131. Suppose 0 = s + m + 15, 2*s = 2*m - 9 - 1. Let o = s - z. What are the prime factors of o?
3
List the prime factors of 36/21*49/2.
2, 3, 7
List the prime factors of 8*39 + 3 + 2.
317
Let g be (-356)/(-28) - (-4)/14. Suppose 0*a = a - g. What are the prime factors of a?
13
Let y(u) = -2*u**2 + 7*u - 11. Let d(v) = -v**2 + 3*v - 5. Let o(w) = -5*d(w) + 3*y(w). Let k be o(6). Let g = 20 + k. List the prime factors of g.
2, 3
Let m be (-37 + 7)*2/(-4). Suppose m = -t + 4*t. Suppose t*a = 2*v - 13, 0*v + 7 = v - 2*a. List the prime factors of v.
3
Let y(s) = -s**2 - 23*s - 20. What are the prime factors of y(-18)?
2, 5, 7
Suppose 0 = 4*m - 34 - 14. Let v = m - 7. What are the prime factors of v?
5
What are the prime factors of -3 - -1 - (-18 - 0)?
2
Let m(f) be the second derivative of -f**3/3 - 3*f**2/2 + f. Suppose b = h + 1, 5*b + 0*b + 10 = 2*h. What are the prime factors of m(b)?
5
Let a be (2/(-4))/((-2)/24). Let j be a/21 - (-66)/14. Suppose -4 - 6 = -j*c. What are the prime factors of c?
2
Let a be (-1)/6 - (-575)/30. Suppose -l + 49 = o, o - a - 118 = -3*l. Suppose -56 = -5*b + l. What are the prime factors of b?
2, 5
What are the prime factors of ((-1)/1 - 0) + 49?
2, 3
Suppose -3*n = -3, -2*b - 2*n - 2*n + 94 = 0. What are the prime factors of b?
3, 5
Let n(c) = 2 - 2*c - 11 + c**2 + 10*c. List the prime factors of n(-10).
11
Let n(u) = 2*u**2 + 14*u + 16. What are the prime factors of n(-9)?
2, 13
Suppose 10 = -2*s + 12. Let b(c) be the third derivative of c**4/8 - c**3/6 + c**2. What are the prime factors of b(s)?
2
Suppose -2*j + 49 = 5. Let w = -8 + j. What are the prime factors of w?
2, 7
Let c be (-3)/(-4) + (-1)/(-4). Let k(q) = 20*q - 1. List the prime factors of k(c).
19
Suppose 4*n - 182 = -2*l, 0 = n - 3*n - 5*l + 95. Suppose -4*b - b - n = -3*u, 0 = -4*b - 2*u - 14. Let j = b + 16. List the prime factors of j.
2, 5
List the prime factors of 1*(-151)/(-3)*3.
151
Suppose 0 = 4*g + g - 180. What are the prime factors of g?
2, 3
Let c(r) = 3*r**2 + 5*r - 9. List the prime factors of c(-5).
41
Let c = 10 - 5. Suppose 3*o + 55 = c*o - l, 5*o - 151 = -2*l. List the prime factors of o.
29
Let n(u) = -2*u. Let w be n(-5). Suppose 4*z - w = 50. What are the prime factors of z?
3, 5
Let o(x) = -5*x + 5. Let i be o(5). Let q = i + 30. Suppose -3*b + q = -d, -5*b + 24 = 2*d - 0*d. List the prime factors of b.
2
Suppose -114 - 116 = -5*b. List the prime factors of b.
2, 23
Let b = -2 - -6. Suppose b = r - 5. What are the prime factors of r?
3
Suppose -y = -5*v + 144, 5*v + 3*y + 50 = 178. What are the prime facto